{"id":38,"date":"2022-02-18T18:13:56","date_gmt":"2022-02-18T17:13:56","guid":{"rendered":"http:\/\/feuerwehr-droyssig.homeip.net\/?page_id=38"},"modified":"2022-04-07T10:14:54","modified_gmt":"2022-04-07T08:14:54","slug":"verein-geschichte","status":"publish","type":"page","link":"http:\/\/feuerwehr-droyssig.de\/index.php\/verein-geschichte\/","title":{"rendered":"Feuerwehrverein Geschichte"},"content":{"rendered":"\n<p>Die Idee, einen Feuerwehrverein zu gr\u00fcnden, hatten die Kameradinnen und Kameraden der Freiwilligen Feuerwehr Droy\u00dfig schon l\u00e4nger. Zur Gr\u00fcndungsversammlung am 31. M\u00e4rz 2001 fanden sich 40 B\u00fcrger aus und um Droy\u00dfig in den R\u00e4umlichkeiten der Feuerwehr ein. Sehr zur Freude der Kameraden waren die meisten keine Feuerwehrleute. So konnte man eine gute Grundlage schaffen, als Verein den B\u00fcrgern der Gemeinde die Sache der Feuerwehr n\u00e4her zu bringen. Der Verein hat das Ziel, das Feuerwehrwesen in Droy\u00dfig materiell wie finanziell zu f\u00f6rdern. Ein Schwerpunkt dabei ist die Jugendfeuerwehr. Dazu dienen Veranstaltungen wie &#8222;Tag der offenen T\u00fcr&#8220;, Osterfeuer, Maibaumsetzen und Schlossfest, wo sich beide Organisationen immer mit einbringen. Im Jahr 2002 wurden die ersten Ziele und Projekte verwirklicht. Die Mitgliederversammlung am 16. M\u00e4rz 2002 zog eine positive Bilanz.<\/p>\n","protected":false},"excerpt":{"rendered":"<p>Die Idee, einen Feuerwehrverein zu gr\u00fcnden, hatten die Kameradinnen und Kameraden der Freiwilligen Feuerwehr Droy\u00dfig schon l\u00e4nger. Zur Gr\u00fcndungsversammlung am 31. M\u00e4rz 2001 fanden sich 40 B\u00fcrger aus und um Droy\u00dfig in den R\u00e4umlichkeiten der Feuerwehr ein. Sehr zur Freude der Kameraden waren die meisten keine Feuerwehrleute. So konnte man eine gute Grundlage schaffen, als [&hellip;]<\/p>\n","protected":false},"author":1,"featured_media":0,"parent":0,"menu_order":0,"comment_status":"closed","ping_status":"closed","template":"","meta":{"footnotes":""},"class_list":["post-38","page","type-page","status-publish","hentry"],"_links":{"self":[{"href":"http:\/\/feuerwehr-droyssig.de\/index.php\/wp-json\/wp\/v2\/pages\/38","targetHints":{"allow":["GET"]}}],"collection":[{"href":"http:\/\/feuerwehr-droyssig.de\/index.php\/wp-json\/wp\/v2\/pages"}],"about":[{"href":"http:\/\/feuerwehr-droyssig.de\/index.php\/wp-json\/wp\/v2\/types\/page"}],"author":[{"embeddable":true,"href":"http:\/\/feuerwehr-droyssig.de\/index.php\/wp-json\/wp\/v2\/users\/1"}],"replies":[{"embeddable":true,"href":"http:\/\/feuerwehr-droyssig.de\/index.php\/wp-json\/wp\/v2\/comments?post=38"}],"version-history":[{"count":5,"href":"http:\/\/feuerwehr-droyssig.de\/index.php\/wp-json\/wp\/v2\/pages\/38\/revisions"}],"predecessor-version":[{"id":74,"href":"http:\/\/feuerwehr-droyssig.de\/index.php\/wp-json\/wp\/v2\/pages\/38\/revisions\/74"}],"wp:attachment":[{"href":"http:\/\/feuerwehr-droyssig.de\/index.php\/wp-json\/wp\/v2\/media?parent=38"}],"curies":[{"name":"wp","href":"https:\/\/api.w.org\/{rel}","templated":true}]}}